be (5/4)/(2/72). Suppose -2*t - 600 = -7*t. Suppose 3*p = 4*d + 90, -2*d = 4*p - d - t. What is the highest common divisor of c and p?
15
Suppose -5*r - 43 = -6*r. Let b be r - (-3)/(-2 - -5). Calculate the highest common divisor of 4 and b.
4
Let x be (90/9)/(0 - -2). What is the highest common factor of x and 1?
1
Suppose -3*w = 2*w - 60. Let p = 22 - w. What is the highest common divisor of 4 and p?
2
Let h(z) = z - 3. Let l be h(6). Let o(g) = g**2 + 3*g + 1. Let w be o(l). Calculate the highest common factor of 76 and w.
19
Let n(a) = -a**2 - 4*a + 12. Let h be n(-4). Suppose -3*j - 189 = -5*p, 0 = p + 3*j - 46 + 19. What is the greatest common divisor of p and h?
12
Let p(l) = 3*l**2 + 5. Let r be p(5). Let j be 40 - 4 - 4 - 0. Suppose 4*u - j = 3*u. Calculate the highest common divisor of u and r.
16
Suppose 5*t + 131 = 491. What is the greatest common factor of 24 and t?
24
Let f be (-2)/(-10) + 204/30. Suppose -2*k + f*k = 65. Calculate the greatest common divisor of k and 143.
13
Suppose u + 36 = 5*u. Calculate the highest common factor of u and 63.
9
Suppose -2 = 4*d + 18, -l + 2*d = -36. What is the greatest common divisor of 260 and l?
26
Let a(f) = 2*f**2 - 12*f + 11. Let i be a(9). What is the highest common divisor of i and 13?
13
Suppose 0 = -j - 112 + 115. What is the greatest common divisor of j and 1?
1
Let f = -27 + 9. Let a = f - -40. Calculate the highest common factor of a and 44.
22
Suppose 0 = -0*u + 3*u - 12. Let k be (u + -1)/(3/2). Suppose k*r - 11 - 9 = 0. What is the highest common factor of 110 and r?
10
Let a = -39 + 68. Suppose 3*t - 139 = -4*x, 4*t - 142 = 3*x + 60. Let c = t - a. What is the greatest common factor of c and 140?
20
Suppose 4*c - x = 500, -4*x + 394 = c + 2*c. Suppose -4*a = -2*a - c. What is the greatest common divisor of 9 and a?
9
Suppose 3*k - 105 = -42. Calculate the greatest common factor of 3 and k.
3
Let n be 109 - (0 + 2)/(-2). Let h = -9 + 14. Suppose 2*f = -y + 4*y + 37, 5*f - 80 = h*y. Calculate the greatest common divisor of f and n.
11
Let t(c) = c**2 + 5*c + 1. Let r be t(-2). Let b be (-2)/r + 272/20. Let o(l) = -l**2 + 4*l + 2. Let u be o(4). What is the greatest common factor of b and u?
2
Let u = -9 + 14. Let c be 3*3/3 - -6. Suppose 0*a + u*a - c = -i, 5*a = 5. Calculate the highest common divisor of i and 6.
2
Let t(v) = 6*v + 2 - 1 + 1. Let x be t(2). Suppose 37 = 2*w + 9. What is the highest common divisor of w and x?
14
Let o be (2/3)/(3/18). Suppose 2*i = -w + 67, o*i - 4 - 129 = -w. Calculate the highest common divisor of 11 and i.
11
Suppose 3*h + 57 = 4*h. Suppose h = -5*i + 207. What is the greatest common divisor of 45 and i?
15
Let t = 5 + -5. Suppose 4*s = -t*s - 12, 5*s + 24 = m. Calculate the highest common divisor of 27 and m.
9
Let s(d) = 2*d + 30. Let q be s(-11). Suppose -2*n + 3*n = 40. Calculate the highest common divisor of q and n.
8
Let i(b) = -7*b. Let k(z) = z**3 + 4*z**2 + 2*z + 2. Let n be k(-4). Let v be i(n). Suppose 0 = 13*p - 87 + 9. What is the greatest common factor of v and p?
6
Let l be (-50)/(-10) + -3 + 2 + 185. Let j(b) = b**2 - 4*b + 9. Let r be j(6). Calculate the greatest common factor of r and l.
21
Suppose 0 = o - 35 - 20. Let v(j) = -j**3 + 6*j**2 + 3*j + 4. Let a be v(6). Calculate the highest common factor of o and a.
11
Let l be ((-24)/2)/(2/(-24)). What is the greatest common factor of 16 and l?
16
Let z = -24 - -38. Let m = 534 - 380. What is the highest common divisor of z and m?
14
Suppose -4*c + 2*f = -46, -4*c + 2*c + 3*f + 29 = 0. Calculate the highest common divisor of 40 and c.
10
Suppose 22 = 5*n + 7. Let f be 1 + (-4)/2 + n. What is the greatest common factor of 5 and f?
1
Let v(k) = 2*k**2 - 5*k + 2. Suppose -2*y = -3*y + 3. Let w be v(y). Calculate the highest common divisor of w and 10.
5
Suppose 2*r - 163 - 107 = 0. What is the highest common factor of 54 and r?
27
Let y = -9 - 52. Let j = -19 - y. What is the greatest common factor of 14 and j?
14
Suppose 0 = 10*u - 23*u + 780. Calculate the highest common divisor of u and 30.
30
Let r(n) = -3*n + 371. Let h be r(0). Calculate the highest common factor of 53 and h.
53
Let j(y) = 3*y - 1. Let s be j(4). Calculate the highest common divisor of s and 99.
11
Let b be 7/(-28) + 34/8. Suppose -3 = -b*w + 1. Let u = -2 + 4. What is the highest common factor of u and w?
1
Let b be (2/(-2) - 0) + 254. Suppose b = -5*h - 4*v + 1188, 0 = v. Calculate the greatest common divisor of h and 17.
17
Let v = 12 + -9. Let z be 54/1 + 3/v. What is the greatest common factor of z and 11?
11
Suppose -y + 0*y - 62 = 2*l, -3*y = 4*l + 176. Let r = y + 92. Suppose j + 1 = -0*j, -5*w - 5*j + r = 0. What is the highest common factor of w and 45?
9
Suppose 1 = v - 1. Let b be 1 - (v + 34/(-2)). Calculate the greatest common factor of 40 and b.
8
Suppose 0 = 3*v - 0*t + t - 213, -2*v + 2*t = -150. What is the greatest common factor of 18 and v?
18
Let m = 67 - 37. What is the highest common factor of 6 and m?
6
Let t be (0 - 56/(-10))/(106/265). Calculate the highest common factor of 28 and t.
14
Suppose 0 = -4*l + 4*r, 6 = 3*l + r + 2. Suppose 169 - l = 4*f. Calculate the greatest common factor of f and 14.
14
Let t(l) = 54*l**2. Let h be t(-1). Calculate the greatest common factor of h and 6.
6
Let t(s) = -2*s + 4. Let y be t(4). Let p(q) = -q**3 + 2*q**2 + 3*q + 6. Let d be p(y). Suppose d = -c + 6*c. Calculate the highest common factor of c and 108.
18
Let l(a) = 4*a**2 - 5. Let u be l(3). What is the greatest common divisor of 155 and u?
31
Suppose 0 = -q + 3*q - 44. Calculate the greatest common divisor of q and 66.
22
Let l(n) = 4*n**2 + 14*n - 22. Let s be l(-9). Calculate the highest common factor of s and 16.
16
Suppose 4*h + 0*a = -a + 5, 0 = -3*h - a + 4. Suppose -4*m + 11 = -h. Calculate the greatest common factor of 33 and m.
3
Let u be 92/(-8) + 1/(-2). Let n = u + 14. Calculate the greatest common factor of n and 10.
2
Let n(o) = -o**2 - 5*o - 1. Let x be n(-4). Suppose -x*c = c. Suppose s - 7 + 3 = c. What is the greatest common factor of s and 10?
2
Suppose 252 - 44 = 4*z. What is the highest common factor of 13 and z?
13
Let x = 178 + -134. Suppose -r - u + 8 = -2*u, -2*r - 2*u = -28. Calculate the greatest common factor of r and x.
11
Let h = 122 - -24. Suppose -h = -2*l - 38. What is the highest common factor of l and 6?
6
Suppose 4*f = 4*q + 16 + 32, q = -4*f + 28. Calculate the highest common factor of f and 88.
8
Suppose -54 = 5*c - 74. What is the greatest common divisor of c and 64?
4
Let i(a) = -3*a + 3. Let x(m) = -5*m + 5. Let d(k) = -7*i(k) + 4*x(k). Let g be d(2). Let t be (-1 + -11)*g/(-3). What is the greatest common factor of 4 and t?
4
Let n = 2 + 3. Suppose 2*q - 17 = n. What is the highest common factor of 11 and q?
11
Let f be 1/((-12)/(-297)) - (-3)/12. Calculate the highest common factor of f and 50.
25
Let n be 274/8 - 14/56. Calculate the greatest common factor of 170 and n.
34
Suppose -n - j = -6*n + 860, -5*n + 3*j + 870 = 0. Calculate the greatest common divisor of 19 and n.
19
Let h(a) = 10*a - 49. Let b be h(6). What is the greatest common factor of b and 33?
11
Let v(i) = -i**2 + 3*i + 2. Let q be v(3). Suppose q*t = 7 + 21. What is the highest common factor of 112 and t?
14
Suppose -f = 4*y - 3*y - 1, y - 16 = 4*f. What is the highest common divisor of y and 8?
4
Let t = -1 - -29. Calculate the greatest common divisor of 308 and t.
28
Suppose -19 - 33 = -2*u. What is the highest common divisor of 13 and u?
13
Suppose 2*y = d - 12, 2*d - y - 16 = -d. Suppose -4*o + 126 = 2*r, 4*r = d*o + 15 + 189. Suppose 8 = 2*v - 14. Calculate the highest common divisor of r and v.
11
Suppose -5*k + 194 = -151. Let t = k - -19. What is the greatest common factor of t and 11?
11
Let k = 9 + -5. Suppose -3*p - k + 34 = 0. Let r be -1 + 1 + (-2 - -22). Calculate the greatest common factor of r and p.
10
Let j be 3/(-4) + 585/(-20). Let h = j - -44. Calculate the greatest common divisor of 28 and h.
14
Let r = 2 + 11. Let o = 9 + -13. Let k = 87 - o. Calculate the highest common factor of k and r.
13
Let p be (-1 - -7) + (-2 - -2). Let o be 1/(-3 - (-20)/p). Suppose g - 19 = -w, -4*g = -6*w + 2*w + 116. Calculate the greatest common divisor of w and o.
3
Le